 7*w - 1. Let f(v) = d*p(v) + 6*l(v). Calculate f(1).
0
Let x = 1 - -1. Suppose 0 = -3*l - 2*l - 3*d + 4, 4 = 3*l + d. Let q(k) = 5*k + 3 + 0*k - 5*k - l*k. What is q(x)?
-1
Let a(m) = -m**3 + 3*m**2 - 4*m + 2. Let o(h) = -h + 3*h + 23 + 2*h - 7*h. Let k be o(7). Calculate a(k).
-2
Let w(u) = -2*u + 3. Let z be w(2). Let m(l) be the second derivative of l**6/360 - l**4/6 - l. Let x(h) be the third derivative of m(h). Determine x(z).
-2
Let b(g) = g**3 - 9*g**2 - 25*g - 3. Let v be b(12). Let u(z) = -139 + v + 8*z**2 + 2*z**3 - z**3 + 7*z. Determine u(-7).
-10
Suppose -13*j + 75 = -8*j. Let o(i) = 0 + 8*i**2 - 8 + 14*i**3 + i - j*i**3 + i**2. What is o(9)?
1
Let s(k) = k**2 + 9*k. Let c(x) = 2*x**2 - 13*x - 34. Let j(a) = a**2 - 6*a - 17. Let p(w) = -3*c(w) + 7*j(w). Let g be p(5). Calculate s(g).
-14
Let w be (-4)/16 - (-3)/12 - 1. Let r(a) = a**2 + 2*a + 3. Let k be r(w). Let m(u) = -u**2 + u + 2. Calculate m(k).
0
Suppose -5*a - 104 = -j - 2*j, -5*a = j - 8. Let o(n) = -n**2 + 55 - j - 28 - 2*n + 8*n**2. Let v be 3/(-2)*4/6. Determine o(v).
8
Let d(y) = y - 11. Let s(v) = 2*v - 16. Let z be s(5). Let k be (4 - (-27)/z)/(2/(-32)). Determine d(k).
-3
Let m(h) be the third derivative of h**2 + 0*h + 0 - 1/6*h**4 + 0*h**3. Let f be (-3)/(9/(-6)) + 0 + 0. Determine m(f).
-8
Let x(d) be the first derivative of d**5/20 - d**4/2 - 5*d**3/6 - 7*d**2/2 + 16*d + 43. Let n(v) be the first derivative of x(v). Determine n(7).
7
Let l(f) be the second derivative of f**5/20 + f**4/3 + f**3/2 + 2*f**2 - 1237*f. Let u = -14 - -8. Let v be (-2 - -4)*1 + u. Give l(v).
-8
Let a(c) = 14*c - 67 + 30 - c**2 - 24*c + 31. Calculate a(-6).
18
Let q(z) = -z**2 - 5*z - 3. Suppose 2*j + 4 = -4*p, -15 = 5*j - 6*p + 11*p. What is q(j)?
1
Let a(f) = 2 + 2*f + 1 + 2. Let q(i) = i**2 - 16*i + 54. Let o be q(10). Determine a(o).
-7
Let f(t) = -2*t. Suppose -3*m - 3*g + 33 = 0, g = m + 2 - 3. Suppose 2*z + 2*x - 2 = m*x, -2*x = 3*z + 13. What is f(z)?
6
Let d(t) be the first derivative of 8*t**3/3 + 2. Suppose 0 = -10*u + 7*u + 24. Suppose -u*i + 2 = -6*i. What is d(i)?
8
Let q(h) = h**3 - 14*h**2 + 25*h - 9. Let z be q(12). Suppose -z*p = -p + 4*f - 4, -p = 4*f - 2. Let b(a) = 5*a - 1. What is b(p)?
9
Let z be -2*5*4/10. Let h = 32 + -22. Let i(s) = 1 + 1 + 7*s - h*s + 0*s. Give i(z).
14
Let k(o) = -o**3 + 12*o**2 + 13*o + 7. Let w = -46 + 59. What is k(w)?
7
Let j(m) = m**3 - 7*m**2 - 7*m + 3. Suppose -19 = -11*l + 69. Give j(l).
11
Let g(f) = 8*f**2 + 1. Let x(o) = -3*o**2 + 2. Let b be x(0). Let j(k) = 19 + 0*k - b*k + 5*k. Let w be j(-6). Determine g(w).
9
Let y(g) = -g**3 - 9*g**2 + g + 9. Suppose 0 = -2*x - 9 - 9. Let m be y(x). Let c(v) = v**2 - v - 3. What is c(m)?
-3
Let g(h) = 64323 - 3*h - 5*h - 12*h**2 - h**3 - 64310. Calculate g(-11).
-20
Let p(v) be the third derivative of v**8/6720 + v**7/315 + v**6/180 - v**5/15 - 7*v**4/12 + 5*v**2. Let n(w) be the second derivative of p(w). Give n(-7).
13
Let k(o) = -o**2 - 6*o + 3. Suppose -2*v + 24 = 4*q - 6*v, 0 = 3*v. Suppose 4*c = q*c + 10. What is k(c)?
8
Suppose 27*h - 23*h - 28 = 0. Let y(v) = -4*v - h*v**2 + 20*v**2 - 12*v**2 - 1. Calculate y(4).
-1
Let s(t) = 79 - 2*t + 28*t**3 + t**2 - 162 + 85. Determine s(1).
29
Let v(w) = w**3 + 6*w**2 + w + 8. Let p(g) = g**2 - 3*g + 2. Let u be p(0). Suppose -d - u*f = 0, -18 = 4*d + 5*f - 3*f. Determine v(d).
2
Let j(s) be the first derivative of -s**5/60 - 5*s**4/24 + s**3 - 31*s**2/2 - 10. Let c(u) be the second derivative of j(u). Calculate c(-5).
6
Let y(z) be the first derivative of 1/3*z**3 - 46 - 6*z - 1/2*z**2. Calculate y(0).
-6
Let n(p) = -p**3 - 4*p**2 + 5*p - 6. Suppose -11 = -2*s - 21. Let m = -7 - s. Let a = -3 + m. Determine n(a).
-6
Let r(l) = -l**3 + 11*l**2 - 9*l + 1. Suppose -441 + 1 = -44*n. What is r(n)?
11
Let k(c) = 5*c + 5. Let i be 6/15 - (1 + 172/(-20)). Let q be (-1)/(2*1/i). Give k(q).
-15
Let x(b) = -b**2 + 3*b - 5. Let i(w) = 2*w**2 - 4*w + 4. Let c(r) = -2*i(r) - 3*x(r). Suppose 134*t = 144*t. Determine c(t).
7
Let q(i) = -i**2 - 3*i - 23. Let t(c) = 3*c**2 + 9*c + 65. Let a(y) = -17*q(y) - 6*t(y). Suppose x - 4*d + 5 = 0, -3*x - 8*d - 15 = -3*d. Give a(x).
-9
Let b(v) = -21*v + 1. Let t(l) = 3*l. Let s(a) = b(a) + 6*t(a). What is s(-5)?
16
Let t(n) be the second derivative of -n**3/3 - 5*n**2/2 + n + 25. Calculate t(5).
-15
Let d(u) = 1 + 2*u - 82*u**2 - 4*u + 3*u + 81*u**2. Let l(c) be the third derivative of c**4/24 + c**3 + c**2. Let p be l(-7). Determine d(p).
-1
Let t(m) = 2*m**2 + 28130 - 2*m + 17*m**3 - 28129 + 0*m. Calculate t(1).
18
Let v(d) be the first derivative of -d**3/3 + 7*d**2/2 + 12*d + 695. Give v(10).
-18
Let p(y) = -3*y**3 + 2*y**2 + 6*y + 10. Let f(w) = 4*w**3 - 3*w**2 - 9*w - 12. Let b(o) = -2*f(o) - 3*p(o). Calculate b(3).
21
Let i be (32 - 31)/(-1*2/(-14)). Let d(m) = m**3 - 7*m**2 - 5*m + 6. What is d(i)?
-29
Let r(l) = l + 1. Let t(y) = 5*y + 8. Let q(s) = -4*r(s) + t(s). Let j(z) = -z - 11. Let x be j(-9). Give q(x).
2
Let s(u) = -2*u**2 - 19*u - 5. Let t(g) = -g**3 + 10*g**2 + 13*g - 31. Let n be t(11). Calculate s(n).
4
Let i(j) = -208 - 210 - j + 418. Let x(c) = -5*c - 6. Let l(n) = -4*i(n) + x(n). What is l(8)?
-14
Let v(w) = w - 4. Let z = -17 - -18. Suppose -5*d - z - 12 = -3*r, d = 4*r + 11. What is v(r)?
-8
Let w(v) = 11*v - 13. Let c(b) = 5*b - 6. Let i(u) = -9*c(u) + 4*w(u). Let y(t) = 13*t**2 + 2*t + 6. Let x be y(-2). Let o = -52 + x. Determine i(o).
0
Let f(v) = -4*v**2 + v - 16. Let g(c) = -3*c**2 + c - 15. Let a(l) = -5*f(l) + 6*g(l). Let u(p) be the first derivative of a(p). Give u(-1).
-3
Let s(l) = -l**2 + l - 1. Let j(c) = -8*c + 3 + 305*c**2 - 304*c**2 + 4. Let p(z) = j(z) + 2*s(z). Suppose i = -5*r - i - 27, 29 = -5*r - 4*i. Determine p(r).
10
Let w(r) = r**3 + 4*r**2 - r - 1. Suppose 0 = -3*m - 38 + 125. Let f = 25 - m. Calculate w(f).
3
Let u(w) = w**3 + 6*w**2 + 7. Let q = -87 - -87. Suppose 5*b - 2*y + 0*y + 22 = q, -3*b - 2*y = 26. Calculate u(b).
7
Suppose -83 = -20*v - 3. Let w(l) = 2*l**2 - 6*l - 3. What is w(v)?
5
Let o(f) = -3*f - 3. Let i(s) = -5*s - 5. Let q(k) = 4*i(k) - 7*o(k). Let l be ((-4)/(-6))/((-1)/3). Determine q(l).
-1
Let p(o) be the third derivative of -1/60*o**5 + 27*o**2 + 2/3*o**3 + 0*o + 1/8*o**4 + 0. Determine p(5).
-6
Let q be (-246)/(-410)*(-25)/3. Let j(i) = -10*i - 55. Determine j(q).
-5
Let a be ((-2)/(8/(-884)))/1. Suppose -a + 74 = -3*r. Let x(y) = -6*y**2 - r + 47 - y**2 + y**3. Calculate x(7).
-2
Let q = 40 - 78. Let t = 43 + q. Let i(s) = -t*s**2 + 6*s**2 + 5*s + 0*s + 0*s**2 - 4. Calculate i(-7).
10
Let s(i) = -i + 1. Let d(k) = -k**2 - 3*k + 82 + 2*k**2 - 83. Let l(b) = -d(b) - 5*s(b). Suppose 1 = 3*v - 17. Determine l(v).
8
Let o = 4 - 2. Let v(u) = -5 - o - 3 + u. Let f be v(13). Let n(w) = -w**3 + 2*w**2 + w + 4. Calculate n(f).
-2
Let w(k) = -3*k**3 + 93*k + 5*k**2 - 106*k - k**3 + 0*k**3 + 5*k**3. Give w(-7).
-7
Let h(c) = -4*c + 85. Let p be h(21). Let x(v) = -8*v**2 - 1. Calculate x(p).
-9
Suppose -14*q + 17*q = 15. Let r(n) = n**3 - 4*n**2 + n + 5. What is r(q)?
35
Let u(j) = j**3 - 7*j**2 - j + 3. Let n be u(7). Let z(f) = -f**3 - 3*f**2 + 5*f + 9. Let o be z(n). Let h(g) = 2*g - o*g - 1 + 2*g. Give h(-1).
0
Let m be 27/(-6)*11/(264/(-32)). Let s(q) = -q**3 + 7*q**2 - 4*q - 13. What is s(m)?
-1
Let g(t) = -14 + 35*t - 23*t - 8*t. What is g(4)?
2
Let c(g) be the second derivative of g**5/20 - g**4/6 - g**3 + 2*g**2 + g. Let d = 3833 - 3829. Give c(d).
12
Let r(j) = j**2 - j - 29. Let v = 413 - 413. Calculate r(v).
-29
Let i(q) = -q**2 + 5*q - 9. Let a be (6 - (-160)/(-30)) + (-32)/(-6). Calculate i(a).
-15
Let s(j) = -j**3 - 10*j**2 - 6*j + 22. Let x be 4/8*(-27 - -7) + 1. What is s(x)?
-5
Let h(m) = m**2 + m + 26. Suppose 15 = -5*c, 3*d + 3*c = -15 + 6. Give h(d).
26
Let p(s) = 3*s**2 - 20*s + 4. Let b(m) = m**2 - 7*m + 1. Let d = 35 - 41. Let k(h) = d*p(h) + 17*b(h). Calculate k(0).
-7
Let r(u) = u**3 + 14*u**2 - 4*u - 20. Let n = 2060 - 2074. What is r(n)?
36
Let m(i) = -i**3 + 2*i**2. Suppose 3*y + 5*l = 26, -5*y - 3*l = -l - 18. Suppose 3*r + r + 4 = y*h, 3*h + 5*r = 28. Let z be (0 - 1)*(-7 + h). Give m(z).
1
Let l(x) = -x**3 + 3*x**2 + 6*x - 1. Suppose -86 + 58 = -7*k. What is l(k)?
7
Let f(b) = -b**3 + 4*b**2 + 5*b + 5. Suppose 0 = 5*m